{"id":45,"date":"2026-01-21T12:41:27","date_gmt":"2026-01-21T11:41:27","guid":{"rendered":"https:\/\/gites-morteau-louadey.com\/?page_id=45"},"modified":"2026-02-14T14:56:21","modified_gmt":"2026-02-14T13:56:21","slug":"cote-jardin","status":"publish","type":"page","link":"https:\/\/gites-morteau-louadey.com\/index.php\/cote-jardin\/","title":{"rendered":"C\u00f4t\u00e9 Jardin"},"content":{"rendered":"<div class=\"et_pb_section_0 et_pb_section et_section_regular et_block_section\">\n<div class=\"et_pb_row_0 et_pb_row et_pb_gutters3 et_block_row\">\n<div class=\"et_pb_column_0 et_pb_column et_pb_column_4_4 et-last-child et_block_column et_pb_css_mix_blend_mode_passthrough\">\n<div class=\"et_pb_text_0 et_pb_text et_pb_bg_layout_light et_pb_module et_block_module preset--module--divi-text--d80d51f2-fde7-4a0d-a410-ff064ea8528a\"><div class=\"et_pb_text_inner\"><h4>Notre g\u00eete<\/h4>\n<\/div><\/div>\n\n<div class=\"et_pb_text_1 et_pb_text et_pb_bg_layout_light et_pb_module et_block_module preset--module--divi-text--854eade0-ccd6-41ff-9530-071eaca79377\"><div class=\"et_pb_text_inner\"><h1><b>C\u00f4t\u00e9 Jardin<\/b><\/h1>\n<\/div><\/div>\n<\/div>\n<\/div>\n<\/div>\n\n<div class=\"et_pb_section_1 et_pb_section et_section_regular et_block_section\">\n<div class=\"et_pb_row_1 et_pb_row et_pb_equal_columns et_pb_gutters1 et_block_row\">\n<div class=\"et_pb_column_1 et_pb_column et_pb_column_1_2 et_block_column et_pb_css_mix_blend_mode_passthrough\">\n<div class=\"et_pb_text_2 et_pb_text et_pb_bg_layout_light et_pb_module et_block_module preset--module--divi-text--021ef0c4-4913-4dfb-8f02-42f3ea8b213a\"><div class=\"et_pb_text_inner\"><h4>L&rsquo;esprit du lieu<\/h4>\n<\/div><\/div>\n\n<div class=\"et_pb_text_3 et_pb_text et_pb_bg_layout_light et_pb_module et_block_module preset--module--divi-text--f99baddf-022d-450d-b69d-287668b7e9b5\"><div class=\"et_pb_text_inner\"><p><span style=\"font-weight: 400;\">Situ\u00e9 au <\/span><b>niveau -1<\/b><span style=\"font-weight: 400;\"> de la maison, le g\u00eete <\/span><b>C\u00f4t\u00e9 Jardin<\/b><span style=\"font-weight: 400;\"> s\u00e9duit par son atmosph\u00e8re douce et sa vue d\u00e9gag\u00e9e sur la nature.<\/span><span style=\"font-weight: 400;\"><br \/><\/span><span style=\"font-weight: 400;\"><\/span><\/p>\n<p><span style=\"font-weight: 400;\">Un lieu id\u00e9al pour les familles en qu\u00eate de nature, de calme et d\u2019authenticit\u00e9.<\/span><\/p>\n<\/div><\/div>\n<\/div>\n\n<div class=\"et_pb_column_2 et_pb_column et_pb_column_1_2 et-last-child et_block_column et_pb_css_mix_blend_mode_passthrough\">\n<div class=\"et_pb_text_4 et_pb_text et_pb_bg_layout_light et_pb_module et_block_module preset--module--divi-text--021ef0c4-4913-4dfb-8f02-42f3ea8b213a\"><div class=\"et_pb_text_inner\"><h4>Ouvert aux animaux de compagnie<\/h4>\n<\/div><\/div>\n\n<div class=\"et_pb_text_5 et_pb_text et_pb_bg_layout_light et_pb_module et_block_module preset--module--divi-text--f99baddf-022d-450d-b69d-287668b7e9b5\"><div class=\"et_pb_text_inner\"><p><span style=\"font-weight: 400;\">Les <\/span><b>animaux de compagnie<\/b><span style=\"font-weight: 400;\"> sont \u00e9galement les bienvenus (<\/span><b>5 \u20ac\/nuit<\/b><span style=\"font-weight: 400;\">), afin que toute la famille profite du s\u00e9jour.<\/span><\/p>\n<\/div><\/div>\n<\/div>\n<\/div>\n<\/div>\n\n<div class=\"et_pb_section_2 et_pb_section et_section_regular et_block_section\">\n<div class=\"et_pb_row_2 et_pb_row et_pb_equal_columns et_pb_gutters1 et_block_row\">\n<div class=\"et_pb_column_3 et_pb_column et_pb_column_1_3 et_block_column et_pb_css_mix_blend_mode_passthrough\">\n<div class=\"et_pb_text_6 et_pb_text et_pb_bg_layout_light et_pb_module et_block_module preset--module--divi-text--021ef0c4-4913-4dfb-8f02-42f3ea8b213a\"><div class=\"et_pb_text_inner\"><h4>Description et \u00e9quipements<\/h4>\n<\/div><\/div>\n\n<div class=\"et_pb_text_7 et_pb_text et_pb_bg_layout_light et_pb_module et_block_module preset--module--divi-text--f99baddf-022d-450d-b69d-287668b7e9b5\"><div class=\"et_pb_text_inner\"><ul>\n<li style=\"font-weight: 400;\" aria-level=\"1\"><span style=\"font-weight: 400;\">Cuisine int\u00e9gr\u00e9e ouverte sur le salon, enti\u00e8rement \u00e9quip\u00e9e <\/span><i><span style=\"font-weight: 400;\">(four, plaques, micro-ondes, lave-vaisselle, r\u00e9frig\u00e9rateur, cafeti\u00e8re, bouilloire\u2026)<\/span><\/i><\/li>\n<\/ul>\n<ul>\n<li style=\"font-weight: 400;\" aria-level=\"1\"><span style=\"font-weight: 400;\">2 chambres familiales, chacune avec :<\/span><\/li>\n<\/ul>\n<ul>\n<li style=\"font-weight: 400;\" aria-level=\"1\"><span style=\"font-weight: 400;\">1 lit double (1,40 m)<\/span><\/li>\n<li style=\"font-weight: 400;\" aria-level=\"1\"><span style=\"font-weight: 400;\">1 lit simple (0,90 m)<\/span><\/li>\n<\/ul>\n<ul>\n<li style=\"font-weight: 400;\" aria-level=\"1\"><span style=\"font-weight: 400;\">Salle de bains et WC s\u00e9par\u00e9s<\/span><\/li>\n<li style=\"font-weight: 400;\" aria-level=\"1\"><b>Lave-linge<\/b><span style=\"font-weight: 400;\"> et <\/span><b>s\u00e8che-cheveux<\/b><span style=\"font-weight: 400;\"> \u00e0 disposition<\/span><\/li>\n<li style=\"font-weight: 400;\" aria-level=\"1\"><span style=\"font-weight: 400;\">Acc\u00e8s internet fibre<\/span><\/li>\n<li style=\"font-weight: 400;\" aria-level=\"1\"><span style=\"font-weight: 400;\">Linge de maison et serviettes fournis<\/span><\/li>\n<\/ul>\n<\/div><\/div>\n<\/div>\n\n<div class=\"et_pb_column_4 et_pb_column et_pb_column_1_3 et_block_column et_pb_css_mix_blend_mode_passthrough\">\n<div class=\"et_pb_text_8 et_pb_text et_pb_bg_layout_light et_pb_module et_block_module preset--module--divi-text--021ef0c4-4913-4dfb-8f02-42f3ea8b213a\"><div class=\"et_pb_text_inner\"><h4>Ambiance<\/h4>\n<\/div><\/div>\n\n<div class=\"et_pb_text_9 et_pb_text et_pb_bg_layout_light et_pb_module et_block_module preset--module--divi-text--f99baddf-022d-450d-b69d-287668b7e9b5\"><div class=\"et_pb_text_inner\"><p><span style=\"font-weight: 400;\">Un espace lumineux et chaleureux, pens\u00e9 pour les s\u00e9jours en pleine nature et les moments partag\u00e9s.<\/span><\/p>\n<\/div><\/div>\n<\/div>\n\n<div class=\"et_pb_column_5 et_pb_column et_pb_column_1_3 et-last-child et_block_column et_pb_css_mix_blend_mode_passthrough\">\n<div class=\"et_pb_text_10 et_pb_text et_pb_bg_layout_light et_pb_module et_block_module preset--module--divi-text--021ef0c4-4913-4dfb-8f02-42f3ea8b213a\"><div class=\"et_pb_text_inner\"><h4>Confort et services<\/h4>\n<\/div><\/div>\n\n<div class=\"et_pb_text_11 et_pb_text et_pb_bg_layout_light et_pb_module et_block_module preset--module--divi-text--f99baddf-022d-450d-b69d-287668b7e9b5\"><div class=\"et_pb_text_inner\"><ul>\n<li style=\"font-weight: 400;\" aria-level=\"1\"><span style=\"font-weight: 400;\">\u00c9quipements b\u00e9b\u00e9 disponibles sur demande<\/span><\/li>\n<li style=\"font-weight: 400;\" aria-level=\"1\"><span style=\"font-weight: 400;\">D\u00e9part direct pour les <\/span><b>balades foresti\u00e8res<\/b><\/li>\n<\/ul>\n<p><span style=\"font-weight: 400;\">Labels <\/span><b>G\u00eetes de France<\/b><span style=\"font-weight: 400;\"> et <\/span><b>Accueil Motards<\/b><\/p>\n<\/div><\/div>\n<\/div>\n<\/div>\n\n<div class=\"et_pb_row_3 et_pb_row et_flex_row\">\n<div class=\"et_pb_column_6 et_pb_column et-last-child et_flex_column et_pb_css_mix_blend_mode_passthrough et_flex_column_24_24\">\n<div class=\"et_pb_text_12 et_pb_text et_pb_bg_layout_light et_pb_module et_block_module preset--module--divi-text--d80d51f2-fde7-4a0d-a410-ff064ea8528a\"><div class=\"et_pb_text_inner\"><h4>C\u00f4t\u00e9 Jardin<\/h4>\n<\/div><\/div>\n\n<div class=\"et_pb_text_13 et_pb_text et_pb_bg_layout_light et_pb_module et_block_module preset--module--divi-text--e29372d1-d250-4ba9-9707-2edd106cbadf\"><div class=\"et_pb_text_inner\"><h2><b>Galerie<\/b><\/h2>\n<\/div><\/div>\n<\/div>\n<\/div>\n\n<div class=\"et_pb_row_4 et_pb_row et_flex_row\">\n<div class=\"et_pb_column_7 et_pb_column et_flex_column et_pb_css_mix_blend_mode_passthrough et_flex_column_8_24 et_flex_column_24_24_phone\">\n<div class=\"et_pb_image_0 et_pb_image et_pb_module et_flex_module\"><span class=\"et_pb_image_wrap\"><img loading=\"lazy\" decoding=\"async\" src=\"https:\/\/gites-morteau-louadey.com\/wp-content\/uploads\/2026\/01\/0016_240507-7_WEB.jpg\" width=\"1536\" height=\"1024\" srcset=\"https:\/\/gites-morteau-louadey.com\/wp-content\/uploads\/2026\/01\/0016_240507-7_WEB.jpg 1536w, https:\/\/gites-morteau-louadey.com\/wp-content\/uploads\/2026\/01\/0016_240507-7_WEB-1280x853.jpg 1280w, https:\/\/gites-morteau-louadey.com\/wp-content\/uploads\/2026\/01\/0016_240507-7_WEB-980x653.jpg 980w, https:\/\/gites-morteau-louadey.com\/wp-content\/uploads\/2026\/01\/0016_240507-7_WEB-480x320.jpg 480w\" sizes=\"(min-width: 0px) and (max-width: 480px) 480px, (min-width: 481px) and (max-width: 980px) 980px, (min-width: 981px) and (max-width: 1280px) 1280px, (min-width: 1281px) 1536px, 100vw\" class=\"wp-image-107\" \/><\/span><\/div>\n<\/div>\n\n<div class=\"et_pb_column_8 et_pb_column et_flex_column et_pb_css_mix_blend_mode_passthrough et_flex_column_8_24 et_flex_column_24_24_phone\">\n<div class=\"et_pb_image_1 et_pb_image et_pb_module et_flex_module\"><span class=\"et_pb_image_wrap\"><img loading=\"lazy\" decoding=\"async\" src=\"https:\/\/gites-morteau-louadey.com\/wp-content\/uploads\/2026\/01\/0027_240507-30_WEB-e1766052535367.jpg\" width=\"683\" height=\"456\" srcset=\"https:\/\/gites-morteau-louadey.com\/wp-content\/uploads\/2026\/01\/0027_240507-30_WEB-e1766052535367.jpg 683w, https:\/\/gites-morteau-louadey.com\/wp-content\/uploads\/2026\/01\/0027_240507-30_WEB-e1766052535367-480x320.jpg 480w\" sizes=\"(min-width: 0px) and (max-width: 480px) 480px, (min-width: 481px) 683px, 100vw\" class=\"wp-image-108\" \/><\/span><\/div>\n<\/div>\n\n<div class=\"et_pb_column_9 et_pb_column et-last-child et_flex_column et_pb_css_mix_blend_mode_passthrough et_flex_column_8_24 et_flex_column_24_24_phone\">\n<div class=\"et_pb_image_2 et_pb_image et_pb_module et_flex_module\"><span class=\"et_pb_image_wrap\"><img loading=\"lazy\" decoding=\"async\" src=\"https:\/\/gites-morteau-louadey.com\/wp-content\/uploads\/2026\/01\/0028_240507-31_WEB.jpg\" width=\"1536\" height=\"1024\" srcset=\"https:\/\/gites-morteau-louadey.com\/wp-content\/uploads\/2026\/01\/0028_240507-31_WEB.jpg 1536w, https:\/\/gites-morteau-louadey.com\/wp-content\/uploads\/2026\/01\/0028_240507-31_WEB-1280x853.jpg 1280w, https:\/\/gites-morteau-louadey.com\/wp-content\/uploads\/2026\/01\/0028_240507-31_WEB-980x653.jpg 980w, https:\/\/gites-morteau-louadey.com\/wp-content\/uploads\/2026\/01\/0028_240507-31_WEB-480x320.jpg 480w\" sizes=\"(min-width: 0px) and (max-width: 480px) 480px, (min-width: 481px) and (max-width: 980px) 980px, (min-width: 981px) and (max-width: 1280px) 1280px, (min-width: 1281px) 1536px, 100vw\" class=\"wp-image-109\" \/><\/span><\/div>\n<\/div>\n<\/div>\n\n<div class=\"et_pb_row_5 et_pb_row et_flex_row\">\n<div class=\"et_pb_column_10 et_pb_column et_flex_column et_pb_css_mix_blend_mode_passthrough et_flex_column_8_24 et_flex_column_24_24_phone\">\n<div class=\"et_pb_image_3 et_pb_image et_pb_module et_flex_module\"><span class=\"et_pb_image_wrap\"><img loading=\"lazy\" decoding=\"async\" src=\"https:\/\/gites-morteau-louadey.com\/wp-content\/uploads\/2026\/01\/0029_240507-32_WEB.jpg\" width=\"1536\" height=\"1024\" srcset=\"https:\/\/gites-morteau-louadey.com\/wp-content\/uploads\/2026\/01\/0029_240507-32_WEB.jpg 1536w, https:\/\/gites-morteau-louadey.com\/wp-content\/uploads\/2026\/01\/0029_240507-32_WEB-1280x853.jpg 1280w, https:\/\/gites-morteau-louadey.com\/wp-content\/uploads\/2026\/01\/0029_240507-32_WEB-980x653.jpg 980w, https:\/\/gites-morteau-louadey.com\/wp-content\/uploads\/2026\/01\/0029_240507-32_WEB-480x320.jpg 480w\" sizes=\"(min-width: 0px) and (max-width: 480px) 480px, (min-width: 481px) and (max-width: 980px) 980px, (min-width: 981px) and (max-width: 1280px) 1280px, (min-width: 1281px) 1536px, 100vw\" class=\"wp-image-110\" \/><\/span><\/div>\n<\/div>\n\n<div class=\"et_pb_column_11 et_pb_column et_flex_column et_pb_css_mix_blend_mode_passthrough et_flex_column_8_24 et_flex_column_24_24_phone\">\n<div class=\"et_pb_image_4 et_pb_image et_pb_module et_flex_module\"><span class=\"et_pb_image_wrap\"><img loading=\"lazy\" decoding=\"async\" src=\"https:\/\/gites-morteau-louadey.com\/wp-content\/uploads\/2026\/01\/0030_240507-33_WEB.jpg\" width=\"1600\" height=\"923\" srcset=\"https:\/\/gites-morteau-louadey.com\/wp-content\/uploads\/2026\/01\/0030_240507-33_WEB.jpg 1600w, https:\/\/gites-morteau-louadey.com\/wp-content\/uploads\/2026\/01\/0030_240507-33_WEB-1280x738.jpg 1280w, https:\/\/gites-morteau-louadey.com\/wp-content\/uploads\/2026\/01\/0030_240507-33_WEB-980x565.jpg 980w, https:\/\/gites-morteau-louadey.com\/wp-content\/uploads\/2026\/01\/0030_240507-33_WEB-480x277.jpg 480w\" sizes=\"(min-width: 0px) and (max-width: 480px) 480px, (min-width: 481px) and (max-width: 980px) 980px, (min-width: 981px) and (max-width: 1280px) 1280px, (min-width: 1281px) 1600px, 100vw\" class=\"wp-image-111\" \/><\/span><\/div>\n<\/div>\n\n<div class=\"et_pb_column_12 et_pb_column et-last-child et_flex_column et_pb_css_mix_blend_mode_passthrough et_flex_column_8_24 et_flex_column_24_24_phone\">\n<div class=\"et_pb_image_5 et_pb_image et_pb_module et_flex_module\"><span class=\"et_pb_image_wrap\"><img loading=\"lazy\" decoding=\"async\" src=\"https:\/\/gites-morteau-louadey.com\/wp-content\/uploads\/2026\/01\/0032_240507-35_WEB.jpg\" width=\"1536\" height=\"1024\" srcset=\"https:\/\/gites-morteau-louadey.com\/wp-content\/uploads\/2026\/01\/0032_240507-35_WEB.jpg 1536w, https:\/\/gites-morteau-louadey.com\/wp-content\/uploads\/2026\/01\/0032_240507-35_WEB-1280x853.jpg 1280w, https:\/\/gites-morteau-louadey.com\/wp-content\/uploads\/2026\/01\/0032_240507-35_WEB-980x653.jpg 980w, https:\/\/gites-morteau-louadey.com\/wp-content\/uploads\/2026\/01\/0032_240507-35_WEB-480x320.jpg 480w\" sizes=\"(min-width: 0px) and (max-width: 480px) 480px, (min-width: 481px) and (max-width: 980px) 980px, (min-width: 981px) and (max-width: 1280px) 1280px, (min-width: 1281px) 1536px, 100vw\" class=\"wp-image-112\" \/><\/span><\/div>\n<\/div>\n<\/div>\n\n<div class=\"et_pb_row_6 et_pb_row et_flex_row\">\n<div class=\"et_pb_column_13 et_pb_column et_flex_column et_pb_css_mix_blend_mode_passthrough et_flex_column_8_24 et_flex_column_24_24_phone\">\n<div class=\"et_pb_image_6 et_pb_image et_pb_module et_flex_module\"><span class=\"et_pb_image_wrap\"><img loading=\"lazy\" decoding=\"async\" src=\"https:\/\/gites-morteau-louadey.com\/wp-content\/uploads\/2026\/01\/0033_240507-37_WEB.jpg\" width=\"1536\" height=\"1024\" srcset=\"https:\/\/gites-morteau-louadey.com\/wp-content\/uploads\/2026\/01\/0033_240507-37_WEB.jpg 1536w, https:\/\/gites-morteau-louadey.com\/wp-content\/uploads\/2026\/01\/0033_240507-37_WEB-1280x853.jpg 1280w, https:\/\/gites-morteau-louadey.com\/wp-content\/uploads\/2026\/01\/0033_240507-37_WEB-980x653.jpg 980w, https:\/\/gites-morteau-louadey.com\/wp-content\/uploads\/2026\/01\/0033_240507-37_WEB-480x320.jpg 480w\" sizes=\"(min-width: 0px) and (max-width: 480px) 480px, (min-width: 481px) and (max-width: 980px) 980px, (min-width: 981px) and (max-width: 1280px) 1280px, (min-width: 1281px) 1536px, 100vw\" class=\"wp-image-113\" \/><\/span><\/div>\n<\/div>\n\n<div class=\"et_pb_column_14 et_pb_column et_flex_column et_pb_css_mix_blend_mode_passthrough et_flex_column_8_24 et_flex_column_24_24_phone\">\n<div class=\"et_pb_image_7 et_pb_image et_pb_module et_flex_module\"><span class=\"et_pb_image_wrap\"><img loading=\"lazy\" decoding=\"async\" src=\"https:\/\/gites-morteau-louadey.com\/wp-content\/uploads\/2026\/01\/0034_240507-38_WEB.jpg\" width=\"1536\" height=\"1024\" srcset=\"https:\/\/gites-morteau-louadey.com\/wp-content\/uploads\/2026\/01\/0034_240507-38_WEB.jpg 1536w, https:\/\/gites-morteau-louadey.com\/wp-content\/uploads\/2026\/01\/0034_240507-38_WEB-1280x853.jpg 1280w, https:\/\/gites-morteau-louadey.com\/wp-content\/uploads\/2026\/01\/0034_240507-38_WEB-980x653.jpg 980w, https:\/\/gites-morteau-louadey.com\/wp-content\/uploads\/2026\/01\/0034_240507-38_WEB-480x320.jpg 480w\" sizes=\"(min-width: 0px) and (max-width: 480px) 480px, (min-width: 481px) and (max-width: 980px) 980px, (min-width: 981px) and (max-width: 1280px) 1280px, (min-width: 1281px) 1536px, 100vw\" class=\"wp-image-114\" \/><\/span><\/div>\n<\/div>\n\n<div class=\"et_pb_column_15 et_pb_column et-last-child et_flex_column et_pb_css_mix_blend_mode_passthrough et_flex_column_8_24 et_flex_column_24_24_phone\">\n<div class=\"et_pb_image_8 et_pb_image et_pb_module et_flex_module\"><span class=\"et_pb_image_wrap\"><img loading=\"lazy\" decoding=\"async\" src=\"https:\/\/gites-morteau-louadey.com\/wp-content\/uploads\/2026\/01\/0035_240507-39_WEB.jpg\" width=\"1536\" height=\"1024\" srcset=\"https:\/\/gites-morteau-louadey.com\/wp-content\/uploads\/2026\/01\/0035_240507-39_WEB.jpg 1536w, https:\/\/gites-morteau-louadey.com\/wp-content\/uploads\/2026\/01\/0035_240507-39_WEB-1280x853.jpg 1280w, https:\/\/gites-morteau-louadey.com\/wp-content\/uploads\/2026\/01\/0035_240507-39_WEB-980x653.jpg 980w, https:\/\/gites-morteau-louadey.com\/wp-content\/uploads\/2026\/01\/0035_240507-39_WEB-480x320.jpg 480w\" sizes=\"(min-width: 0px) and (max-width: 480px) 480px, (min-width: 481px) and (max-width: 980px) 980px, (min-width: 981px) and (max-width: 1280px) 1280px, (min-width: 1281px) 1536px, 100vw\" class=\"wp-image-115\" \/><\/span><\/div>\n<\/div>\n<\/div>\n<\/div>","protected":false},"excerpt":{"rendered":"","protected":false},"author":1,"featured_media":0,"parent":0,"menu_order":0,"comment_status":"closed","ping_status":"closed","template":"","meta":{"footnotes":""},"class_list":["post-45","page","type-page","status-publish","hentry"],"_links":{"self":[{"href":"https:\/\/gites-morteau-louadey.com\/index.php\/wp-json\/wp\/v2\/pages\/45","targetHints":{"allow":["GET"]}}],"collection":[{"href":"https:\/\/gites-morteau-louadey.com\/index.php\/wp-json\/wp\/v2\/pages"}],"about":[{"href":"https:\/\/gites-morteau-louadey.com\/index.php\/wp-json\/wp\/v2\/types\/page"}],"author":[{"embeddable":true,"href":"https:\/\/gites-morteau-louadey.com\/index.php\/wp-json\/wp\/v2\/users\/1"}],"replies":[{"embeddable":true,"href":"https:\/\/gites-morteau-louadey.com\/index.php\/wp-json\/wp\/v2\/comments?post=45"}],"version-history":[{"count":4,"href":"https:\/\/gites-morteau-louadey.com\/index.php\/wp-json\/wp\/v2\/pages\/45\/revisions"}],"predecessor-version":[{"id":270,"href":"https:\/\/gites-morteau-louadey.com\/index.php\/wp-json\/wp\/v2\/pages\/45\/revisions\/270"}],"wp:attachment":[{"href":"https:\/\/gites-morteau-louadey.com\/index.php\/wp-json\/wp\/v2\/media?parent=45"}],"curies":[{"name":"wp","href":"https:\/\/api.w.org\/{rel}","templated":true}]}}